 16 + -28 + 2 + -16.
-26
What is -55 - (-47 - 25) - (1 - 7)?
23
Evaluate (13 - -11) + (-6 - (-2 + -7)).
27
Evaluate (32 + -41 - 7) + -11.
-27
Calculate -30 - (31 - 86) - 34.
-9
Evaluate -1 - (-5 + 2 + 2) - (107 + -101).
-6
Calculate -7 + (-9 - 18) - -53.
19
Calculate (0 + -8 - 0) + (-47 - -45).
-10
1 - ((-6 - (-2 - -1)) + 6 - 5)
5
13 + (-4 - -1) + 6 + -2 + -5
9
What is the value of 18 + -3 + 23 + -33?
5
What is -11 + 5 - (-17 - (-6 + 0))?
5
What is 25 + 9 + -29 + (0 - 1 - 10)?
-6
Calculate -15 - (-13 + 4) - (-2 - -19).
-23
Evaluate -39 + (31 - -55) + -11.
36
Evaluate -9 + (6 - 6) + 8 + 3.
2
What is -32 - (-9 + 19 - 35 - -11)?
-18
Calculate (-1 - -7) + 9 + -23.
-8
Calculate 0 - (-1 + 8 - (-15 + 43 + -3)).
18
9 - 1 - (14 + -7 + -11 + -2)
14
8 - 0 - ((0 + 8 - 1) + -5)
6
Calculate -3 + 2 + (5 - (5 - (-2 - -5))).
2
What is 60 + -22 - 34 - (27 + -1)?
-22
What is the value of 7 + -12 - -10 - 2?
3
Evaluate -9 + 16 + (10 + -2 - 2).
13
What is -2 - (2 + -7) - (31 + -34)?
6
What is 23 - 43 - (14 - 65)?
31
Evaluate (-178 - -190) + (2 - 9).
5
Calculate 1 + 2 + (-240 - -235).
-2
Evaluate (7 - -8) + -27 + 13.
1
What is the value of 3 + -6 + 3 + -4 + 9?
5
-12 - (11 + 9 + -23)
-9
What is 15 + (-15 - 36) + (-1 - -14)?
-23
17 - (47 - 20) - (0 + -13)
3
Evaluate 2 + (2 - -4) + -25 + 30 + 2.
15
Calculate -6 - (-10 - (-4 - 4) - 6).
2
What is the value of (-6 - -4 - 11) + 4?
-9
Calculate 7 - (6 - (-5 + -5 + (12 - 0))).
3
What is -2 - 3 - (-4 + 12 - 4 - 3)?
-6
Calculate -1 - -5 - (-20 + 9 + 1).
14
Evaluate 5 - (-14 - -15 - -17).
-13
-3 + 7 - (-5 - ((2 - 13) + 2))
0
What is the value of 20 - (37 + -30 - -24)?
-11
Evaluate 28 + (-5 - (23 - 16)).
16
Calculate (1 + -5 - -4) + -1 - (-28 - -20).
7
Calculate -4 + (-2 - -1) + -9 + 16.
2
(-11 - -25) + (-1 - 4) + -10 - 2
-3
Calculate 12 - (-12 - -6) - 16.
2
What is the value of 2 + 3 - ((-2 - -9) + -36 + 33)?
1
-12 - (6 - 10) - -29
21
Calculate 7 + -4 + (11 - 4) + -19.
-9
What is the value of (-10 - (-9 - (-6 + -2) - 14)) + -18?
-13
What is -20 + (-5 - 10) + 23?
-12
Calculate 3 + -1 + -5 + 7 - -1.
5
Calculate -11 + (-210 + 212 - (8 - -1)).
-18
What is the value of -1 - -9 - (-66 + 75)?
-1
(-8 - (-14 - -8)) + -4 + (6 - 8)
-8
15 - (9 - 2) - 1
7
What is the value of 12 - (-5 + (-12 - (-8 + -6)))?
15
Calculate (-8 - (4 + (-9 - -1)) - 2) + -5.
-11
Calculate 6 - (6 + 1 + -3 - 3) - 12.
-7
12 - (-5 + (16 - 8))
9
1 + (-1 - 0) - ((-74 - 73) + 113)
34
What is the value of -16 + (7 - (-9 - (2 + -11)))?
-9
Calculate 14 + (19 - 14) + 12 + (-2 - 3).
26
Evaluate 43 + (-32 - -9) - -1.
21
5 - (40 - (-4 + 3 - 9 - -17))
-28
Evaluate -18 + (-28 + 15 - (-13 - -2)).
-20
Calculate 2 + (2 - 15) + 2 + 0.
-9
4 + -2 + -21 - (16 + (-7 - 15))
-13
What is 0 + (2 - -3) + (7 - 3)?
9
What is -17 + 1 - (-33 - (50 - 83))?
-16
Calculate 17 - (-18 + 15 - (-3 - 7)).
10
-27 - (10 + -35) - (-2 - 1) - 2
-1
Evaluate 0 + -10 + -4 - -21.
7
What is the value of (-8 - -1) + -13 + -8 + 5?
-23
35 + (-36 - (1 - -22))
-24
What is the value of (-7 - (0 + -8)) + -10 + -1 + 3?
-7
(0 - -24) + 100 + -139
-15
Calculate (-123 - -146) + 4 + -20 + 4.
11
What is the value of 5 + (-52 + 48 - (2 - -2) - 28)?
-31
What is (11 - (5 + (6 - -7))) + -1 + 0?
-8
What is -16 - (-3 + 0) - (-2 + 17 + -6)?
-22
Calculate -6 - 22 - -21 - (-5 - 2).
0
Evaluate 12 - (8 + 18 - 27).
13
-2 - -3 - 0 - (-36 + 15 - 2)
24
What is 5 - 2 - (7 + -1) - -5 - 5?
-3
What is 6 + (-2 - -3) - (340 + -343)?
10
Evaluate -1 - ((-11 + 8 - 36) + 11).
27
Evaluate -22 + -46 + 59 - (-1 - -11).
-19
What is -190 + 173 - (-1 - 40) - 3?
21
(4 - 2) + 15 + -19 - (-2 - -1)
-1
-1 + -5 - (-2 - (1 + -8) - 15)
4
-24 + (3 - 0) - (16 + -2 - 20)
-15
(-17 - -16) + 29 + -34
-6
Calculate (-11 - -21) + (-12 - (-1 - 0)).
-1
What is the value of 2 + -1 + -5 + -163 + 155?
-12
6 + -27 + 15 + -5
-11
What is the value of 31 + -55 + 20 + 20?
16
Calculate -7 + (-2 - -6) - (3 + 1 + -3).
-4
What is the value of (2 - 1) + 4 - (29 - 15 - -6)?
-15
What is the value of 1 - (2 - -1) - (1 + (-4 - -7))?
-6
Calculate ((-10 - -4) + 3 - 1) + -47 + 35.
-16
What is (-8 - (-28 - -23) - 0) + (-1 - -4)?
0
What is the value of -1 + -5 + 11 + -14 + (4 - 3)?
-8
Calculate (-17 + 0 + 6 - (3 - 10)) + -16.
-20
Evaluate 20 - (3 + 67 + -42).
-8
What is (-1 - 13) + -42 + 63?
7
What is 4 + -9 + -33 + 60?
22
Calculate 4 - (-15 + 16) - (-1 + -4).
8
What is the value of -7 - (1 + (-5 - 14) - -18)?
-7
What is the value of 11 + 2 + -20 + -1 + -4?
-12
(-1 + -1 - -13) + (-607 - -594)
-2
What is (0 + -1 - 5) + 1 + -1?
-6
Evaluate (-3 - -3) + -1 - 7.
-8
Calculate (-17 - -16) + -1 + 5 + (-3 - 12).
-12
What is the value of (1 + 2 - 1) + 343 + -335?
10
What is the value of 12 + -3 + -5 + 0 + 8 + -2?
10
-6 - (9 + -3) - 6
-18
What is -15 + 2 + (-1 - -13)?
-1
What is the value of -1 - (-4 - 2 - (6 - 6))?
5
What is the value of (-42 - (45 + -82)) + (-1 - 0) + 15?
9
What is -40 - (32 - 57) - (-1 + 2 + 0)?
-16
-7 + (10 + 11 - (-1 + 7))
8
What is the value of -5 + 17 + -15 - 6?
-9
(-3 + 10 - (-1 + 0 - -6)) + 3
5
What is the value of 14 + (16 - 18) + -1?
11
Calculate 15 + 3 + -53 + (-3 - -21).
-17
What is -2 + 5 - (16 + -6) - -6?
-1
What is -29 + (54 - (-27 + 16))?
36
3 + 4 + 2 - (326 - 327)
10
-9 - ((0 - -5) + -8 + -1)
-5
Evaluate 28 + -21 - (7 - 7).
7
7 + (20 - 21) + -14
-8
Evaluate -11 + 3 + -3 - (-134 - -120).
3
Calculate (6 - 2) + (-20 - -26).
10
What is 14 + -24 - (11 + 0) - (1 + -8)?
-14
Evaluate -4 - (-6 - -15) - (1 - 7) - 4.
-11
Calculate 1 + 5 - (4 + -4) - (-26 - -28).
4
What is 12 + (8 - 3) - 14?
3
Calculate (-66 - (-132 - -62)) + (1 - 1).
4
What is the value of 1 + -3 + (-15 - 15 - -24) - 2?
-10
Evaluate -21 + -34 + 23 - -44.
12
What is the value of (-2 - 0 - (73 - 36)) + 13?
-26
Evaluate -10 + (7 - (6 + 18 + -7)) + 48.
28
What is the value of (-1 - 3) + -2 + (-9 - (-9 - -11))?
-17
What is the value of 1356 - 1299 - (-1 - -34)?
24
What is (6 - 2) + (191 - 207) + 19?
7
-64 - -47 - (8 + 3)
-28
What is the value of -12 + (19 - -1 - (-47 - -55))?
0
What is the value of 54 + -45 - (-5 - 10)?
24
Calculate 1 + (-2 - (7 - 9)) - 3 - 8.
-10
5 + (-7 - 7 - 3) - 3
-15
-5 - (1 + -15 - -6)
3
Evaluate -5 - ((-236 - -240) + (-1 + 1 - -4)).
-13
(-113 - -119) + 3 + (3 - 3)
9
10 + 20 + (-4 - -11 - 4) + -15
18
Evaluate (-6 - (-6 + 3)) + 3 - (42 + -44).
2
7 + -4 + (1 - 10 - (10 - 15))
-1
Evaluate (-3 - 1) + -37 + (-20 - -44).
-17
What is the value of -17 + 21 - (-2 - (-3 + 1 + -5))?
-1
-3 - (-11 - (0 - 17))
-9
-17 + (4 - -3) - (-3 + 1 + -4)
-4
What is the value of (-188 - -198) + (-9 - -2) - (7 + -2)?
-2
Evaluate -13 + -40 - -46 - (2 - (1 - 0)).
-8
What is the value of 187 - (1 + 174) - (1 - (0 + 4))?
15
-2 + 3 + (-7 - 0) - (13 - 5)
-14
-32 - (21 - -14 - 69)
2
What is (5 + (5 - -12) - 10) + -25?
-13
What is (1 - 2) + 10 - (20 + -69 + 34)?
24
-8 + (3 - 29) + (93 - 77)
-18
Evaluate 12 - (6 - (-10 - -4) - 0).
0
(9 - (4 + 0)) + 7 + 9
21
What is -3 + -3 + (-1 - -8 - 3)?
-2
Calculate -4 - (-23 + 3 - (11 + -17 - 5)).
5
Calculate 403 + -395 + -1 + 0.
7
What is the value of (-11 - (16 - 5)) + 6?
-16
What is the value of 2 - 0 - (1 + -4 - -2)?
3
Evaluate (-15 - 2) + 70 + -58 - -5.
0
What is 6 + -6 - 31 - (3 + -10)?
-24
What is 19 + 1 + (53 - 57)?
16
What is (-3 - (18 - 11)) + 0 + -10?
-20
Calculate -32 + (-2 - -25) + -17.
-26
What is the value of 22 + -25 - (-3 + 0 + 2 - -2)?
-4
What is (-12 - (-2 + -6)) + 3 + 0 + -3?
-4
What is 25 - (18 - 27 - -17 - -10)?
7
What is the value of -3 + 0 - (157 + -150) - -4?
-6
Calculate (36 - 26) + (4 - (0 + 3 + 1)).
10
What is the value of 1 - (27 - (4 + -8 - -11) - -1)?
-20
Calculate -9 + 28 + (-1 - 10).
8
What is the value of (2 - -15 - 10) + 2 + 0?
9
(1 + 2 - 2) + -7 + -5
-11
Evaluate 218 - 202 - (1 - 1).
16
What is (1 - -8 - 2) + (-49 - -54)?
12
What is the value of -36 + 78 + -88 + 31?
-15
Calculate -17 - (-11 - (-26 + 10 - -6)).
-16
What is the value of 4 + 1 + 1 + -1 + 39 + -52?
-8
What is the value of 4 - -1 - (-31 + 25)?
11
(-30 - (-15 - (-7 - -4))) + 23
5
-5 + 1 + 0 - (126 - 120)
-10
Evaluate (3 - (19 + 7)) + (3 - (-2 - 5)).
-13
Calculate (2 - -5 - (5 - -1)) + -3.
-2
Calculate -7 + (-2 - -3) - (-6 - (-5 - -6)).
1
-6 - (-20 + 6) - (-19 - -22)
5
Evaluate 1 + 4 - 9 - (-4 + -2) - 11.
-9
Calculate (-11 - 6) + (-17 - -21).
-13
10 + (-11 - -15 - (8 - 1)) + 5
12
Calculate 0 + -18 - 